inder when 9630 is divided by 112.
110
What is the remainder when 251 is divided by 123?
5
What is the remainder when 175 is divided by 60?
55
Calculate the remainder when 5913 is divided by 12.
9
Calculate the remainder when 128 is divided by 65.
63
What is the remainder when 92 is divided by 17?
7
Calculate the remainder when 1403 is divided by 16.
11
What is the remainder when 229 is divided by 66?
31
What is the remainder when 1737 is divided by 579?
0
Calculate the remainder when 1747 is divided by 461.
364
Calculate the remainder when 370 is divided by 245.
125
What is the remainder when 1407 is divided by 460?
27
What is the remainder when 100 is divided by 30?
10
What is the remainder when 2666 is divided by 21?
20
What is the remainder when 1378 is divided by 30?
28
What is the remainder when 2023 is divided by 36?
7
What is the remainder when 733 is divided by 22?
7
What is the remainder when 56 is divided by 41?
15
Calculate the remainder when 278 is divided by 79.
41
What is the remainder when 279 is divided by 47?
44
Calculate the remainder when 147 is divided by 23.
9
Calculate the remainder when 7018 is divided by 12.
10
Calculate the remainder when 371 is divided by 17.
14
Calculate the remainder when 123 is divided by 62.
61
Calculate the remainder when 104 is divided by 36.
32
Calculate the remainder when 171 is divided by 13.
2
Calculate the remainder when 12898 is divided by 43.
41
Calculate the remainder when 237 is divided by 25.
12
What is the remainder when 1292 is divided by 186?
176
What is the remainder when 29 is divided by 25?
4
What is the remainder when 404 is divided by 79?
9
Calculate the remainder when 102 is divided by 38.
26
What is the remainder when 120 is divided by 31?
27
Calculate the remainder when 600 is divided by 195.
15
What is the remainder when 4975 is divided by 79?
77
Calculate the remainder when 1383 is divided by 33.
30
Calculate the remainder when 2795 is divided by 175.
170
What is the remainder when 86 is divided by 11?
9
Calculate the remainder when 206 is divided by 204.
2
What is the remainder when 3948 is divided by 247?
243
What is the remainder when 490 is divided by 129?
103
Calculate the remainder when 359 is divided by 88.
7
What is the remainder when 203 is divided by 8?
3
Calculate the remainder when 595 is divided by 113.
30
Calculate the remainder when 359 is divided by 12.
11
Calculate the remainder when 308 is divided by 105.
98
What is the remainder when 570 is divided by 44?
42
Calculate the remainder when 154 is divided by 51.
1
What is the remainder when 131 is divided by 6?
5
What is the remainder when 57 is divided by 36?
21
Calculate the remainder when 79 is divided by 8.
7
Calculate the remainder when 3108 is divided by 620.
8
What is the remainder when 235 is divided by 25?
10
What is the remainder when 39 is divided by 6?
3
Calculate the remainder when 857 is divided by 123.
119
Calculate the remainder when 68 is divided by 10.
8
Calculate the remainder when 11714 is divided by 55.
54
Calculate the remainder when 146 is divided by 26.
16
Calculate the remainder when 261 is divided by 68.
57
Calculate the remainder when 5583 is divided by 54.
21
Calculate the remainder when 27 is divided by 17.
10
What is the remainder when 1312 is divided by 18?
16
What is the remainder when 74 is divided by 4?
2
What is the remainder when 5 is divided by 1?
0
Calculate the remainder when 1863 is divided by 157.
136
Calculate the remainder when 1253 is divided by 70.
63
Calculate the remainder when 115 is divided by 37.
4
Calculate the remainder when 115 is divided by 9.
7
What is the remainder when 82 is divided by 18?
10
Calculate the remainder when 80 is divided by 9.
8
What is the remainder when 1481 is divided by 185?
1
Calculate the remainder when 383 is divided by 16.
15
Calculate the remainder when 61 is divided by 32.
29
Calculate the remainder when 2015 is divided by 12.
11
What is the remainder when 876 is divided by 20?
16
Calculate the remainder when 521 is divided by 242.
37
What is the remainder when 155 is divided by 59?
37
What is the remainder when 9878 is divided by 111?
110
Calculate the remainder when 52 is divided by 29.
23
Calculate the remainder when 2367 is divided by 227.
97
Calculate the remainder when 2983 is divided by 33.
13
Calculate the remainder when 4587 is divided by 9.
6
What is the remainder when 426 is divided by 33?
30
Calculate the remainder when 1499 is divided by 94.
89
What is the remainder when 2230 is divided by 70?
60
Calculate the remainder when 179 is divided by 11.
3
Calculate the remainder when 87 is divided by 37.
13
Calculate the remainder when 6389 is divided by 77.
75
Calculate the remainder when 111 is divided by 48.
15
Calculate the remainder when 1099 is divided by 181.
13
Calculate the remainder when 259 is divided by 3.
1
What is the remainder when 691 is divided by 64?
51
What is the remainder when 911 is divided by 228?
227
Calculate the remainder when 3243 is divided by 295.
293
Calculate the remainder when 127 is divided by 6.
1
Calculate the remainder when 2258 is divided by 39.
35
What is the remainder when 115 is divided by 46?
23
What is the remainder when 577 is divided by 162?
91
Calculate the remainder when 456 is divided by 36.
24
Calculate the remainder when 1153 is divided by 89.
85
Calculate the remainder when 294 is divided by 29.
4
What is the remainder when 308 is divided by 31?
29
Calculate the remainder when 31 is divided by 25.
6
What is the remainder when 46 is divided by 19?
8
What is the remainder when 188 is divided by 24?
20
What is the remainder when 347 is divided by 26?
9
What is the remainder when 133 is divided by 36?
25
Calculate the remainder when 383 is divided by 55.
53
What is the remainder when 1001 is divided by 59?
57
What is the remainder when 211 is divided by 33?
13
What is the remainder when 2913 is divided by 133?
120
What is the remainder when 2260 is divided by 19?
18
Calculate the remainder when 184 is divided by 36.
4
Calculate the remainder when 94 is divided by 54.
40
What is the remainder when 217 is divided by 72?
1
Calculate the remainder when 1839 is divided by 6.
3
Calculate the remainder when 20297 is divided by 188.
181
What is the remainder when 1791 is divided by 74?
15
Calculate the remainder when 13858 is divided by 385.
383
Calculate the remainder when 297 is divided by 20.
17
What is the remainder when 1526 is divided by 23?
8
What is the remainder when 271 is divided by 13?
11
What is the remainder when 1202 is divided by 396?
14
Calculate the remainder when 34 is divided by 19.
15
Calculate the remainder when 3296 is divided by 5.
1
What is the remainder when 1340 is divided by 62?
38
What is the remainder when 15686 is divided by 106?
104
What is the remainder when 143 is divided by 18?
17
What is the remainder when 1539 is divided by 55?
54
Calculate the remainder when 265 is divided by 40.
25
Calculate the remainder when 321 is divided by 186.
135
What is the remainder when 1218 is divided by 1198?
20
What is the remainder when 22153 is divided by 53?
52
Calculate the remainder when 50 is divided by 19.
12
Calculate the remainder when 78 is divided by 44.
34
What is the remainder when 493 is divided by 103?
81
Calculate the remainder when 143 is divided by 16.
15
What is the remainder when 399 is divided by 256?
143
What is the remainder when 203 is divided by 35?
28
What is the remainder when 32 is divided by 11?
10
What is the remainder when 1571 is divided by 13?
11
What is the remainder when 1188 is divided by 386?
30
What is the remainder when 86 is divided by 14?
2
Calculate the remainder when 182 is divided by 31.
27
Calculate the remainder when 280 is divided by 157.
123
Calculate the remainder when 19 is divided by 9.
1
Calculate the remainder when 392 is divided by 135.
122
Calculate the remainder when 246 is divided by 31.
29
What is the remainder when 701 is divided by 233?
2
What is the remainder when 1431 is divided by 130?
1
Calculate the remainder when 176 is divided by 4.
0
Calculate the remainder when 3449 is divided by 855.
29
What is the remainder when 181 is divided by 26?
25
Calculate the remainder when 123 is divided by 35.
18
Ca